{"id":2600,"date":"2019-04-05T11:16:47","date_gmt":"2019-04-05T11:16:47","guid":{"rendered":"https:\/\/teste.hemomed.com.br\/ipc\/home-4-copy\/"},"modified":"2024-02-27T20:07:50","modified_gmt":"2024-02-27T20:07:50","slug":"primeira-consulta","status":"publish","type":"page","link":"https:\/\/teste.hemomed.com.br\/ipc\/primeira-consulta\/","title":{"rendered":"IPC &#8211; Primeira Consulta"},"content":{"rendered":"\t\t<div data-elementor-type=\"wp-post\" data-elementor-id=\"2600\" class=\"elementor elementor-2600\" data-elementor-post-type=\"page\">\n\t\t\t\t\t\t<section class=\"elementor-section elementor-top-section elementor-element elementor-element-2344d10e elementor-section-stretched elementor-section-full_width elementor-section-height-min-height elementor-section-height-default elementor-section-items-middle\" data-id=\"2344d10e\" data-element_type=\"section\" data-settings=\"{&quot;stretch_section&quot;:&quot;section-stretched&quot;,&quot;background_background&quot;:&quot;classic&quot;}\">\n\t\t\t\t\t\t<div class=\"elementor-container elementor-column-gap-no\">\n\t\t\t\t\t<div class=\"elementor-column elementor-col-100 elementor-top-column elementor-element elementor-element-55cb52b1\" data-id=\"55cb52b1\" data-element_type=\"column\">\n\t\t\t<div class=\"elementor-widget-wrap\">\n\t\t\t\t\t\t\t<\/div>\n\t\t<\/div>\n\t\t\t\t\t<\/div>\n\t\t<\/section>\n\t\t\t\t<section class=\"elementor-section elementor-top-section elementor-element elementor-element-862ac55 elementor-section-stretched elementor-section-boxed elementor-section-height-default elementor-section-height-default\" data-id=\"862ac55\" data-element_type=\"section\" data-settings=\"{&quot;stretch_section&quot;:&quot;section-stretched&quot;}\">\n\t\t\t\t\t\t<div class=\"elementor-container elementor-column-gap-default\">\n\t\t\t\t\t<div class=\"elementor-column elementor-col-33 elementor-top-column elementor-element elementor-element-c9c1940\" data-id=\"c9c1940\" data-element_type=\"column\">\n\t\t\t<div class=\"elementor-widget-wrap\">\n\t\t\t\t\t\t\t<\/div>\n\t\t<\/div>\n\t\t\t\t<div class=\"elementor-column elementor-col-33 elementor-top-column elementor-element elementor-element-b4863fe\" data-id=\"b4863fe\" data-element_type=\"column\">\n\t\t\t<div class=\"elementor-widget-wrap elementor-element-populated\">\n\t\t\t\t\t\t<div class=\"elementor-element elementor-element-35a3c4e elementor-widget elementor-widget-rt-title\" data-id=\"35a3c4e\" data-element_type=\"widget\" data-widget_type=\"rt-title.default\">\n\t\t\t\t<div class=\"elementor-widget-container\">\n\t\t\t\t\t\r\n<div class=\"rt-el-title section-heading heading-layout4  light style4\">\t\r\n        <span class=\"rtin-beforetitle\">PRIMEIRO ATENDIMENTO<\/span>\r\n        <h2 class=\"rtin-title\">Voc\u00ea recebeu um diagn\u00f3stico de c\u00e2ncer ou est\u00e1 com alguma suspeita tumor?<\/h2>        \r\n        \t\t\t\t<p class=\"rtin-subtitle\">Voc\u00ea tomou a decis\u00e3o correta em procurar ajuda, aqui em nossas cl\u00ednicas temos uma equipe completa, incluindo apoio, acolhimento.<\/p>\r\n\t\t<\/div>\t\t\t\t<\/div>\n\t\t\t\t<\/div>\n\t\t\t\t\t<\/div>\n\t\t<\/div>\n\t\t\t\t<div class=\"elementor-column elementor-col-33 elementor-top-column elementor-element elementor-element-3d134e2\" data-id=\"3d134e2\" data-element_type=\"column\">\n\t\t\t<div class=\"elementor-widget-wrap\">\n\t\t\t\t\t\t\t<\/div>\n\t\t<\/div>\n\t\t\t\t\t<\/div>\n\t\t<\/section>\n\t\t\t\t<section class=\"elementor-section elementor-top-section elementor-element elementor-element-be4de64 elementor-section-stretched elementor-section-boxed elementor-section-height-default elementor-section-height-default\" data-id=\"be4de64\" data-element_type=\"section\" id=\"about\" data-settings=\"{&quot;stretch_section&quot;:&quot;section-stretched&quot;,&quot;background_background&quot;:&quot;classic&quot;}\">\n\t\t\t\t\t\t<div class=\"elementor-container elementor-column-gap-default\">\n\t\t\t\t\t<div class=\"elementor-column elementor-col-50 elementor-top-column elementor-element elementor-element-4f0c20f\" data-id=\"4f0c20f\" data-element_type=\"column\">\n\t\t\t<div class=\"elementor-widget-wrap elementor-element-populated\">\n\t\t\t\t\t\t<div class=\"elementor-element elementor-element-2cb5f70 elementor-widget elementor-widget-heading\" data-id=\"2cb5f70\" data-element_type=\"widget\" data-widget_type=\"heading.default\">\n\t\t\t\t<div class=\"elementor-widget-container\">\n\t\t\t\t\t<h2 class=\"elementor-heading-title elementor-size-default\">Agende sua consulta<\/h2>\t\t\t\t<\/div>\n\t\t\t\t<\/div>\n\t\t\t\t<div class=\"elementor-element elementor-element-4ba4e31 elementor-widget elementor-widget-text-editor\" data-id=\"4ba4e31\" data-element_type=\"widget\" data-widget_type=\"text-editor.default\">\n\t\t\t\t<div class=\"elementor-widget-container\">\n\t\t\t\t\t\t\t\t\t<p><strong>Escolha entre uma de nossas 4 unidades, e fa\u00e7a o seu agendamento por telefone em nossa central do paciente.<\/strong><\/p>\t\t\t\t\t\t\t\t<\/div>\n\t\t\t\t<\/div>\n\t\t\t\t\t<\/div>\n\t\t<\/div>\n\t\t\t\t<div class=\"elementor-column elementor-col-50 elementor-top-column elementor-element elementor-element-2133b94\" data-id=\"2133b94\" data-element_type=\"column\">\n\t\t\t<div class=\"elementor-widget-wrap elementor-element-populated\">\n\t\t\t\t\t\t<section class=\"elementor-section elementor-inner-section elementor-element elementor-element-a696eb9 elementor-section-boxed elementor-section-height-default elementor-section-height-default\" data-id=\"a696eb9\" data-element_type=\"section\">\n\t\t\t\t\t\t<div class=\"elementor-container elementor-column-gap-default\">\n\t\t\t\t\t<div class=\"elementor-column elementor-col-50 elementor-inner-column elementor-element elementor-element-cc54e3f\" data-id=\"cc54e3f\" data-element_type=\"column\">\n\t\t\t<div class=\"elementor-widget-wrap elementor-element-populated\">\n\t\t\t\t\t\t<div class=\"elementor-element elementor-element-7bdf57b elementor-widget elementor-widget-rt-info-box\" data-id=\"7bdf57b\" data-element_type=\"widget\" data-widget_type=\"rt-info-box.default\">\n\t\t\t\t<div class=\"elementor-widget-container\">\n\t\t\t\t\t\r\n<div class=\"rt-el-info-box clearfix media  rtin-light rtin-style2\">\r\n\t<div class=\"rtin-icon\">\r\n\t\t\t\t\t\t\t\t\t\t\t<img decoding=\"async\" width=\"150\" height=\"150\" src=\"https:\/\/teste.hemomed.com.br\/ipc\/wp-content\/uploads\/2024\/01\/ipc-unidade-angelica-4-150x150.jpg\" class=\"attachment-thumbnail size-thumbnail\" alt=\"\" srcset=\"https:\/\/teste.hemomed.com.br\/ipc\/wp-content\/uploads\/2024\/01\/ipc-unidade-angelica-4-150x150.jpg 150w, https:\/\/teste.hemomed.com.br\/ipc\/wp-content\/uploads\/2024\/01\/ipc-unidade-angelica-4-300x300.jpg 300w, https:\/\/teste.hemomed.com.br\/ipc\/wp-content\/uploads\/2024\/01\/ipc-unidade-angelica-4-230x230.jpg 230w, https:\/\/teste.hemomed.com.br\/ipc\/wp-content\/uploads\/2024\/01\/ipc-unidade-angelica-4-70x70.jpg 70w, https:\/\/teste.hemomed.com.br\/ipc\/wp-content\/uploads\/2024\/01\/ipc-unidade-angelica-4-100x100.jpg 100w, https:\/\/teste.hemomed.com.br\/ipc\/wp-content\/uploads\/2024\/01\/ipc-unidade-angelica-4.jpg 315w\" sizes=\"(max-width: 150px) 100vw, 150px\" \/>\t\t\t\t\t\t<\/div>\r\n\t<div class=\"media-body rtin-content\">\r\n\t\t<h2 class=\"media-heading rtin-title\"><a href=\"https:\/\/teste.hemomed.com.br\/ipc\/unidade-ipc-angelica\/\">Unidade Higien\u00f3polis<\/a><\/h2>\r\n\t\t<p class=\"rtin-text\">Av. Ang\u00e9lica, 2503 - Bela Vista - S\u00e3o Paulo\n<br><br>\ud83d\udcde 11 3797-3000\n\n<br><br>\ud83d\udccd Como chegar<\/p>\r\n\t<\/div>\r\n<\/div>\t\t\t\t<\/div>\n\t\t\t\t<\/div>\n\t\t\t\t<div class=\"elementor-element elementor-element-d679177 elementor-widget elementor-widget-rt-info-box\" data-id=\"d679177\" data-element_type=\"widget\" data-widget_type=\"rt-info-box.default\">\n\t\t\t\t<div class=\"elementor-widget-container\">\n\t\t\t\t\t\r\n<div class=\"rt-el-info-box clearfix media  rtin-light rtin-style2\">\r\n\t<div class=\"rtin-icon\">\r\n\t\t\t\t\t\t\t\t\t\t\t<img decoding=\"async\" width=\"150\" height=\"150\" src=\"https:\/\/teste.hemomed.com.br\/ipc\/wp-content\/uploads\/2024\/01\/ipc-unidade-mooca-150x150.jpg\" class=\"attachment-thumbnail size-thumbnail\" alt=\"\" srcset=\"https:\/\/teste.hemomed.com.br\/ipc\/wp-content\/uploads\/2024\/01\/ipc-unidade-mooca-150x150.jpg 150w, https:\/\/teste.hemomed.com.br\/ipc\/wp-content\/uploads\/2024\/01\/ipc-unidade-mooca-300x300.jpg 300w, https:\/\/teste.hemomed.com.br\/ipc\/wp-content\/uploads\/2024\/01\/ipc-unidade-mooca-230x230.jpg 230w, https:\/\/teste.hemomed.com.br\/ipc\/wp-content\/uploads\/2024\/01\/ipc-unidade-mooca-70x70.jpg 70w, https:\/\/teste.hemomed.com.br\/ipc\/wp-content\/uploads\/2024\/01\/ipc-unidade-mooca-100x100.jpg 100w, https:\/\/teste.hemomed.com.br\/ipc\/wp-content\/uploads\/2024\/01\/ipc-unidade-mooca.jpg 315w\" sizes=\"(max-width: 150px) 100vw, 150px\" \/>\t\t\t\t\t\t<\/div>\r\n\t<div class=\"media-body rtin-content\">\r\n\t\t<h2 class=\"media-heading rtin-title\"><a href=\"https:\/\/teste.hemomed.com.br\/ipc\/unidade-ipc-mooca\">Unidade Mooca<\/a><\/h2>\r\n\t\t<p class=\"rtin-text\">R. Litu\u00e2nia, 197 - \u00c1gua Rasa, S\u00e3o Paulo \n<br><br>\ud83d\udcde 11 2369-5651\n\n<br><br>\ud83d\udccd Como chegar<\/p>\r\n\t<\/div>\r\n<\/div>\t\t\t\t<\/div>\n\t\t\t\t<\/div>\n\t\t\t\t\t<\/div>\n\t\t<\/div>\n\t\t\t\t<div class=\"elementor-column elementor-col-50 elementor-inner-column elementor-element elementor-element-e9fbb92\" data-id=\"e9fbb92\" data-element_type=\"column\">\n\t\t\t<div class=\"elementor-widget-wrap elementor-element-populated\">\n\t\t\t\t\t\t<div class=\"elementor-element elementor-element-e5c979a elementor-widget elementor-widget-rt-info-box\" data-id=\"e5c979a\" data-element_type=\"widget\" data-widget_type=\"rt-info-box.default\">\n\t\t\t\t<div class=\"elementor-widget-container\">\n\t\t\t\t\t\r\n<div class=\"rt-el-info-box clearfix media  rtin-light rtin-style2\">\r\n\t<div class=\"rtin-icon\">\r\n\t\t\t\t\t\t\t\t\t\t\t<img decoding=\"async\" width=\"150\" height=\"150\" src=\"https:\/\/teste.hemomed.com.br\/ipc\/wp-content\/uploads\/2024\/01\/ipc-unidade-osasco-150x150.jpg\" class=\"attachment-thumbnail size-thumbnail\" alt=\"\" srcset=\"https:\/\/teste.hemomed.com.br\/ipc\/wp-content\/uploads\/2024\/01\/ipc-unidade-osasco-150x150.jpg 150w, https:\/\/teste.hemomed.com.br\/ipc\/wp-content\/uploads\/2024\/01\/ipc-unidade-osasco-300x300.jpg 300w, https:\/\/teste.hemomed.com.br\/ipc\/wp-content\/uploads\/2024\/01\/ipc-unidade-osasco-230x230.jpg 230w, https:\/\/teste.hemomed.com.br\/ipc\/wp-content\/uploads\/2024\/01\/ipc-unidade-osasco-70x70.jpg 70w, https:\/\/teste.hemomed.com.br\/ipc\/wp-content\/uploads\/2024\/01\/ipc-unidade-osasco-100x100.jpg 100w, https:\/\/teste.hemomed.com.br\/ipc\/wp-content\/uploads\/2024\/01\/ipc-unidade-osasco.jpg 315w\" sizes=\"(max-width: 150px) 100vw, 150px\" \/>\t\t\t\t\t\t<\/div>\r\n\t<div class=\"media-body rtin-content\">\r\n\t\t<h2 class=\"media-heading rtin-title\"><a href=\"https:\/\/teste.hemomed.com.br\/ipc\/unidade-ipc-osasco\/\">Unidade Osasco<\/a><\/h2>\r\n\t\t<p class=\"rtin-text\">Av. Jo\u00e3o Batista, 1081 - Centro - Osasco\n<br><br>\ud83d\udcde 11 4624-6666\n\n<br><br>\ud83d\udccd Como chegar<\/p>\r\n\t<\/div>\r\n<\/div>\t\t\t\t<\/div>\n\t\t\t\t<\/div>\n\t\t\t\t<div class=\"elementor-element elementor-element-39f7746 elementor-widget elementor-widget-rt-info-box\" data-id=\"39f7746\" data-element_type=\"widget\" data-widget_type=\"rt-info-box.default\">\n\t\t\t\t<div class=\"elementor-widget-container\">\n\t\t\t\t\t\r\n<div class=\"rt-el-info-box clearfix media  rtin-light rtin-style2\">\r\n\t<div class=\"rtin-icon\">\r\n\t\t\t\t\t\t\t\t\t\t\t<img loading=\"lazy\" decoding=\"async\" width=\"150\" height=\"150\" src=\"https:\/\/teste.hemomed.com.br\/ipc\/wp-content\/uploads\/2024\/01\/ipc-unidade-alphaville-150x150.jpg\" class=\"attachment-thumbnail size-thumbnail\" alt=\"\" srcset=\"https:\/\/teste.hemomed.com.br\/ipc\/wp-content\/uploads\/2024\/01\/ipc-unidade-alphaville-150x150.jpg 150w, https:\/\/teste.hemomed.com.br\/ipc\/wp-content\/uploads\/2024\/01\/ipc-unidade-alphaville-300x300.jpg 300w, https:\/\/teste.hemomed.com.br\/ipc\/wp-content\/uploads\/2024\/01\/ipc-unidade-alphaville-230x230.jpg 230w, https:\/\/teste.hemomed.com.br\/ipc\/wp-content\/uploads\/2024\/01\/ipc-unidade-alphaville-70x70.jpg 70w, https:\/\/teste.hemomed.com.br\/ipc\/wp-content\/uploads\/2024\/01\/ipc-unidade-alphaville-100x100.jpg 100w, https:\/\/teste.hemomed.com.br\/ipc\/wp-content\/uploads\/2024\/01\/ipc-unidade-alphaville.jpg 315w\" sizes=\"(max-width: 150px) 100vw, 150px\" \/>\t\t\t\t\t\t<\/div>\r\n\t<div class=\"media-body rtin-content\">\r\n\t\t<h2 class=\"media-heading rtin-title\"><a href=\"https:\/\/teste.hemomed.com.br\/ipc\/unidade-ipc-alphaville\">Unidade Alphaville<\/a><\/h2>\r\n\t\t<p class=\"rtin-text\">Av. Copacabana, 112 - Empresarial 18 do Forte - Barueri\n<br><br>\ud83d\udcde 11 4166-4300\n\n<br><br>\ud83d\udccd Como chegar<\/p>\r\n\t<\/div>\r\n<\/div>\t\t\t\t<\/div>\n\t\t\t\t<\/div>\n\t\t\t\t\t<\/div>\n\t\t<\/div>\n\t\t\t\t\t<\/div>\n\t\t<\/section>\n\t\t\t\t\t<\/div>\n\t\t<\/div>\n\t\t\t\t\t<\/div>\n\t\t<\/section>\n\t\t\t\t<section class=\"elementor-section elementor-top-section elementor-element elementor-element-40ec38fc elementor-section-stretched elementor-section-boxed elementor-section-height-default elementor-section-height-default\" data-id=\"40ec38fc\" data-element_type=\"section\" id=\"service\" data-settings=\"{&quot;stretch_section&quot;:&quot;section-stretched&quot;,&quot;background_background&quot;:&quot;classic&quot;}\">\n\t\t\t\t\t\t\t<div class=\"elementor-background-overlay\"><\/div>\n\t\t\t\t\t\t\t<div class=\"elementor-container elementor-column-gap-default\">\n\t\t\t\t\t<div class=\"elementor-column elementor-col-100 elementor-top-column elementor-element elementor-element-63e95052\" data-id=\"63e95052\" data-element_type=\"column\">\n\t\t\t<div class=\"elementor-widget-wrap elementor-element-populated\">\n\t\t\t\t\t\t<div class=\"elementor-element elementor-element-3159edb9 elementor-widget elementor-widget-rt-title\" data-id=\"3159edb9\" data-element_type=\"widget\" data-settings=\"{&quot;_animation&quot;:&quot;none&quot;}\" data-widget_type=\"rt-title.default\">\n\t\t\t\t<div class=\"elementor-widget-container\">\n\t\t\t\t\t\r\n\t<div class=\"rt-el-title section-heading heading-dark text-center heading-layout1 style1 theme1\">\r\n\t\t<h2 class=\"rtin-title\">Pode confiar, voc\u00ea est\u00e1 em boas m\u00e3os.!<\/h2>\r\n\t\t\t\t\t\t<p class=\"rtin-subtitle\"><br>Na primeira consulta m\u00e9dica, o m\u00e9dico vai iniciar uma investiga\u00e7\u00e3o cl\u00ednica, para q ue junto com sua experi\u00eancia, indique a melhor alternativa. Exames diagn\u00f3sticos s\u00e3o os mais indicados para este momento.<\/p>\r\n\t\t\t\t<\/div>\r\n\t\t\t\t\t<\/div>\n\t\t\t\t<\/div>\n\t\t\t\t<section class=\"elementor-section elementor-inner-section elementor-element elementor-element-e9a4029 elementor-section-boxed elementor-section-height-default elementor-section-height-default\" data-id=\"e9a4029\" data-element_type=\"section\">\n\t\t\t\t\t\t<div class=\"elementor-container elementor-column-gap-default\">\n\t\t\t\t\t<div class=\"elementor-column elementor-col-50 elementor-inner-column elementor-element elementor-element-7c17887\" data-id=\"7c17887\" data-element_type=\"column\">\n\t\t\t<div class=\"elementor-widget-wrap elementor-element-populated\">\n\t\t\t\t\t\t<div class=\"elementor-element elementor-element-6ed6e27 elementor-view-default elementor-position-top elementor-mobile-position-top elementor-widget elementor-widget-icon-box\" data-id=\"6ed6e27\" data-element_type=\"widget\" data-widget_type=\"icon-box.default\">\n\t\t\t\t<div class=\"elementor-widget-container\">\n\t\t\t\t\t\t\t<div class=\"elementor-icon-box-wrapper\">\n\n\t\t\t\t\t\t<div class=\"elementor-icon-box-icon\">\n\t\t\t\t<span  class=\"elementor-icon\">\n\t\t\t\t<i aria-hidden=\"true\" class=\"fas fa-star\"><\/i>\t\t\t\t<\/span>\n\t\t\t<\/div>\n\t\t\t\n\t\t\t\t\t\t<div class=\"elementor-icon-box-content\">\n\n\t\t\t\t\t\t\t\t\t<h3 class=\"elementor-icon-box-title\">\n\t\t\t\t\t\t<span  >\n\t\t\t\t\t\t\tTraga todas as suas perguntas anotadas para fazer ao oncologista.\t\t\t\t\t\t<\/span>\n\t\t\t\t\t<\/h3>\n\t\t\t\t\n\t\t\t\t\n\t\t\t<\/div>\n\t\t\t\n\t\t<\/div>\n\t\t\t\t\t\t<\/div>\n\t\t\t\t<\/div>\n\t\t\t\t\t<\/div>\n\t\t<\/div>\n\t\t\t\t<div class=\"elementor-column elementor-col-50 elementor-inner-column elementor-element elementor-element-daccdb4\" data-id=\"daccdb4\" data-element_type=\"column\">\n\t\t\t<div class=\"elementor-widget-wrap elementor-element-populated\">\n\t\t\t\t\t\t<div class=\"elementor-element elementor-element-ff89c1e elementor-view-default elementor-position-top elementor-mobile-position-top elementor-widget elementor-widget-icon-box\" data-id=\"ff89c1e\" data-element_type=\"widget\" data-widget_type=\"icon-box.default\">\n\t\t\t\t<div class=\"elementor-widget-container\">\n\t\t\t\t\t\t\t<div class=\"elementor-icon-box-wrapper\">\n\n\t\t\t\t\t\t<div class=\"elementor-icon-box-icon\">\n\t\t\t\t<span  class=\"elementor-icon\">\n\t\t\t\t<i aria-hidden=\"true\" class=\"fas fa-star\"><\/i>\t\t\t\t<\/span>\n\t\t\t<\/div>\n\t\t\t\n\t\t\t\t\t\t<div class=\"elementor-icon-box-content\">\n\n\t\t\t\t\t\t\t\t\t<h3 class=\"elementor-icon-box-title\">\n\t\t\t\t\t\t<span  >\n\t\t\t\t\t\t\tAproveite o momento, e tira todas as suas d\u00favidas.\t\t\t\t\t\t<\/span>\n\t\t\t\t\t<\/h3>\n\t\t\t\t\n\t\t\t\t\n\t\t\t<\/div>\n\t\t\t\n\t\t<\/div>\n\t\t\t\t\t\t<\/div>\n\t\t\t\t<\/div>\n\t\t\t\t\t<\/div>\n\t\t<\/div>\n\t\t\t\t\t<\/div>\n\t\t<\/section>\n\t\t\t\t<section class=\"elementor-section elementor-inner-section elementor-element elementor-element-85c39c5 elementor-section-boxed elementor-section-height-default elementor-section-height-default\" data-id=\"85c39c5\" data-element_type=\"section\">\n\t\t\t\t\t\t<div class=\"elementor-container elementor-column-gap-default\">\n\t\t\t\t\t<div class=\"elementor-column elementor-col-50 elementor-inner-column elementor-element elementor-element-c5296f6\" data-id=\"c5296f6\" data-element_type=\"column\">\n\t\t\t<div class=\"elementor-widget-wrap elementor-element-populated\">\n\t\t\t\t\t\t<div class=\"elementor-element elementor-element-5b59c13 elementor-view-default elementor-position-top elementor-mobile-position-top elementor-widget elementor-widget-icon-box\" data-id=\"5b59c13\" data-element_type=\"widget\" data-widget_type=\"icon-box.default\">\n\t\t\t\t<div class=\"elementor-widget-container\">\n\t\t\t\t\t\t\t<div class=\"elementor-icon-box-wrapper\">\n\n\t\t\t\t\t\t<div class=\"elementor-icon-box-icon\">\n\t\t\t\t<span  class=\"elementor-icon\">\n\t\t\t\t<i aria-hidden=\"true\" class=\"fas fa-star\"><\/i>\t\t\t\t<\/span>\n\t\t\t<\/div>\n\t\t\t\n\t\t\t\t\t\t<div class=\"elementor-icon-box-content\">\n\n\t\t\t\t\t\t\t\t\t<h3 class=\"elementor-icon-box-title\">\n\t\t\t\t\t\t<span  >\n\t\t\t\t\t\t\tAnote tudo o que o m\u00e9dico vai lhe dizer. Papel e caneta podem fazer parte da sua consulta.\t\t\t\t\t\t<\/span>\n\t\t\t\t\t<\/h3>\n\t\t\t\t\n\t\t\t\t\n\t\t\t<\/div>\n\t\t\t\n\t\t<\/div>\n\t\t\t\t\t\t<\/div>\n\t\t\t\t<\/div>\n\t\t\t\t\t<\/div>\n\t\t<\/div>\n\t\t\t\t<div class=\"elementor-column elementor-col-50 elementor-inner-column elementor-element elementor-element-03b1573\" data-id=\"03b1573\" data-element_type=\"column\">\n\t\t\t<div class=\"elementor-widget-wrap elementor-element-populated\">\n\t\t\t\t\t\t<div class=\"elementor-element elementor-element-9d15218 elementor-view-default elementor-position-top elementor-mobile-position-top elementor-widget elementor-widget-icon-box\" data-id=\"9d15218\" data-element_type=\"widget\" data-widget_type=\"icon-box.default\">\n\t\t\t\t<div class=\"elementor-widget-container\">\n\t\t\t\t\t\t\t<div class=\"elementor-icon-box-wrapper\">\n\n\t\t\t\t\t\t<div class=\"elementor-icon-box-icon\">\n\t\t\t\t<span  class=\"elementor-icon\">\n\t\t\t\t<i aria-hidden=\"true\" class=\"fas fa-star\"><\/i>\t\t\t\t<\/span>\n\t\t\t<\/div>\n\t\t\t\n\t\t\t\t\t\t<div class=\"elementor-icon-box-content\">\n\n\t\t\t\t\t\t\t\t\t<h3 class=\"elementor-icon-box-title\">\n\t\t\t\t\t\t<span  >\n\t\t\t\t\t\t\tUso de medicamento cont\u00ednuo e hist\u00f3rico familiar de doen\u00e7as s\u00e3o informa\u00e7\u00f5es que podem ser relevantes.\t\t\t\t\t\t<\/span>\n\t\t\t\t\t<\/h3>\n\t\t\t\t\n\t\t\t\t\n\t\t\t<\/div>\n\t\t\t\n\t\t<\/div>\n\t\t\t\t\t\t<\/div>\n\t\t\t\t<\/div>\n\t\t\t\t\t<\/div>\n\t\t<\/div>\n\t\t\t\t\t<\/div>\n\t\t<\/section>\n\t\t\t\t\t<\/div>\n\t\t<\/div>\n\t\t\t\t\t<\/div>\n\t\t<\/section>\n\t\t\t\t<section class=\"elementor-section elementor-top-section elementor-element elementor-element-05355ca elementor-section-stretched elementor-section-boxed elementor-section-height-default elementor-section-height-default\" data-id=\"05355ca\" data-element_type=\"section\" data-settings=\"{&quot;stretch_section&quot;:&quot;section-stretched&quot;,&quot;background_background&quot;:&quot;classic&quot;}\">\n\t\t\t\t\t\t<div class=\"elementor-container elementor-column-gap-default\">\n\t\t\t\t\t<div class=\"elementor-column elementor-col-100 elementor-top-column elementor-element elementor-element-290bab7\" data-id=\"290bab7\" data-element_type=\"column\">\n\t\t\t<div class=\"elementor-widget-wrap elementor-element-populated\">\n\t\t\t\t\t\t<div class=\"elementor-element elementor-element-f9ceb99 elementor-widget elementor-widget-rt-cta\" data-id=\"f9ceb99\" data-element_type=\"widget\" data-widget_type=\"rt-cta.default\">\n\t\t\t\t<div class=\"elementor-widget-container\">\n\t\t\t\t\t\r\n<div class=\"call-to-action-box-layout6\">\r\n       \r\n          <h2 class=\"item-title\">CONFIRA A LISTA DE PLANOS DE SA\u00daDE ATENDIDOS.<\/h2>\r\n          \r\n        <div class=\"call-to-action-btn\">\r\n        <a class=\"item-btn\" href=\"https:\/\/teste.hemomed.com.br\/ipc\/convenios-planos-de-saude\/\">Clique aqui<\/a>                                  \r\n    <\/div>      \r\n       \r\n<\/div>\r\n\r\n\t\t\t\t<\/div>\n\t\t\t\t<\/div>\n\t\t\t\t\t<\/div>\n\t\t<\/div>\n\t\t\t\t\t<\/div>\n\t\t<\/section>\n\t\t\t\t<\/div>\n\t\t","protected":false},"excerpt":{"rendered":"<p>PRIMEIRO ATENDIMENTO Voc\u00ea recebeu um diagn\u00f3stico de c\u00e2ncer ou est\u00e1 com alguma suspeita tumor? Voc\u00ea tomou a decis\u00e3o correta em procurar ajuda, aqui em nossas cl\u00ednicas temos uma equipe completa, incluindo apoio, acolhimento. Agende sua consulta Escolha entre uma de nossas 4 unidades, e fa\u00e7a o seu agendamento por telefone em nossa central do paciente&#8230;.<\/p>\n","protected":false},"author":1,"featured_media":0,"parent":0,"menu_order":0,"comment_status":"closed","ping_status":"closed","template":"","meta":{"footnotes":""},"class_list":["post-2600","page","type-page","status-publish","hentry"],"yoast_head":"<!-- This site is optimized with the Yoast SEO Premium plugin v21.4 (Yoast SEO v27.2) - https:\/\/yoast.com\/product\/yoast-seo-premium-wordpress\/ -->\n<title>IPC - Primeira Consulta - IPC<\/title>\n<meta name=\"robots\" content=\"index, follow, max-snippet:-1, max-image-preview:large, max-video-preview:-1\" \/>\n<link rel=\"canonical\" href=\"https:\/\/teste.hemomed.com.br\/ipc\/primeira-consulta\/\" \/>\n<meta property=\"og:locale\" content=\"pt_BR\" \/>\n<meta property=\"og:type\" content=\"article\" \/>\n<meta property=\"og:title\" content=\"IPC - Primeira Consulta\" \/>\n<meta property=\"og:description\" content=\"PRIMEIRO ATENDIMENTO Voc\u00ea recebeu um diagn\u00f3stico de c\u00e2ncer ou est\u00e1 com alguma suspeita tumor? Voc\u00ea tomou a decis\u00e3o correta em procurar ajuda, aqui em nossas cl\u00ednicas temos uma equipe completa, incluindo apoio, acolhimento. Agende sua consulta Escolha entre uma de nossas 4 unidades, e fa\u00e7a o seu agendamento por telefone em nossa central do paciente....\" \/>\n<meta property=\"og:url\" content=\"https:\/\/teste.hemomed.com.br\/ipc\/primeira-consulta\/\" \/>\n<meta property=\"og:site_name\" content=\"IPC\" \/>\n<meta property=\"article:modified_time\" content=\"2024-02-27T20:07:50+00:00\" \/>\n<meta property=\"og:image\" content=\"https:\/\/teste.hemomed.com.br\/ipc\/wp-content\/uploads\/2024\/01\/ipc-unidade-angelica-4-150x150.jpg\" \/>\n<meta name=\"twitter:card\" content=\"summary_large_image\" \/>\n<meta name=\"twitter:label1\" content=\"Est. tempo de leitura\" \/>\n\t<meta name=\"twitter:data1\" content=\"1 minuto\" \/>\n<!-- \/ Yoast SEO Premium plugin. -->","yoast_head_json":{"title":"IPC - Primeira Consulta - IPC","robots":{"index":"index","follow":"follow","max-snippet":"max-snippet:-1","max-image-preview":"max-image-preview:large","max-video-preview":"max-video-preview:-1"},"canonical":"https:\/\/teste.hemomed.com.br\/ipc\/primeira-consulta\/","og_locale":"pt_BR","og_type":"article","og_title":"IPC - Primeira Consulta","og_description":"PRIMEIRO ATENDIMENTO Voc\u00ea recebeu um diagn\u00f3stico de c\u00e2ncer ou est\u00e1 com alguma suspeita tumor? Voc\u00ea tomou a decis\u00e3o correta em procurar ajuda, aqui em nossas cl\u00ednicas temos uma equipe completa, incluindo apoio, acolhimento. Agende sua consulta Escolha entre uma de nossas 4 unidades, e fa\u00e7a o seu agendamento por telefone em nossa central do paciente....","og_url":"https:\/\/teste.hemomed.com.br\/ipc\/primeira-consulta\/","og_site_name":"IPC","article_modified_time":"2024-02-27T20:07:50+00:00","og_image":[{"url":"https:\/\/teste.hemomed.com.br\/ipc\/wp-content\/uploads\/2024\/01\/ipc-unidade-angelica-4-150x150.jpg","type":"","width":"","height":""}],"twitter_card":"summary_large_image","twitter_misc":{"Est. tempo de leitura":"1 minuto"},"schema":{"@context":"https:\/\/schema.org","@graph":[]}},"_links":{"self":[{"href":"https:\/\/teste.hemomed.com.br\/ipc\/wp-json\/wp\/v2\/pages\/2600","targetHints":{"allow":["GET"]}}],"collection":[{"href":"https:\/\/teste.hemomed.com.br\/ipc\/wp-json\/wp\/v2\/pages"}],"about":[{"href":"https:\/\/teste.hemomed.com.br\/ipc\/wp-json\/wp\/v2\/types\/page"}],"author":[{"embeddable":true,"href":"https:\/\/teste.hemomed.com.br\/ipc\/wp-json\/wp\/v2\/users\/1"}],"replies":[{"embeddable":true,"href":"https:\/\/teste.hemomed.com.br\/ipc\/wp-json\/wp\/v2\/comments?post=2600"}],"version-history":[{"count":22,"href":"https:\/\/teste.hemomed.com.br\/ipc\/wp-json\/wp\/v2\/pages\/2600\/revisions"}],"predecessor-version":[{"id":6957,"href":"https:\/\/teste.hemomed.com.br\/ipc\/wp-json\/wp\/v2\/pages\/2600\/revisions\/6957"}],"wp:attachment":[{"href":"https:\/\/teste.hemomed.com.br\/ipc\/wp-json\/wp\/v2\/media?parent=2600"}],"curies":[{"name":"wp","href":"https:\/\/api.w.org\/{rel}","templated":true}]}}